*b + 460. What is i(12)?
-8
Let v(o) = o**3 + 5*o**2 + 7*o + 43. What is v(-5)?
8
Let m(d) = 7*d + 33. Calculate m(-6).
-9
Let h(n) = 11*n - 4. Calculate h(3).
29
Let t(w) = w**3 - 6*w**2 + 5*w + 6. What is t(6)?
36
Let z(s) = -s**2 + 7*s - 4. Calculate z(6).
2
Let r(m) = 13*m + 59. Calculate r(8).
163
Let m(g) = g**2 - 6*g + 3. Calculate m(7).
10
Let j(u) = u**2 + 50. What is j(0)?
50
Let h(i) = -38*i + 184. Give h(4).
32
Let g(t) = -3*t**2 - 9*t + 7. Calculate g(-3).
7
Let d(c) = -c**2 + 11*c - 7. Give d(10).
3
Let d(k) = k**3 - 13*k**2 + 11*k + 12. Determine d(12).
0
Let g(b) = b**3 - 3*b**2 + 5*b - 7. What is g(3)?
8
Let g(i) = i - 13. What is g(11)?
-2
Let q(i) = i**2 + i + 4. Calculate q(-6).
34
Let n(w) = -4*w - 10. Give n(-2).
-2
Let c(h) = -h**3 - 30*h**2 - 32*h - 98. What is c(-29)?
-11
Let u(r) = 2*r**3 + 14*r**2 + 4*r + 1. Determine u(-7).
-27
Let u(w) = -13*w**2 + 83*w + 62. Give u(7).
6
Let t(j) = j**2 - 11*j - 11. Give t(12).
1
Let x(z) = -z**2 - 5*z + 21. Calculate x(0).
21
Let y(q) = -q**2 - 4*q + 5. Determine y(-7).
-16
Let p(r) = r**3 - 11*r**2 - 13. What is p(11)?
-13
Let h(t) = t**2 + 3. Determine h(3).
12
Let u(r) = -r**3 - 4*r**2 + 7*r + 4. Calculate u(-5).
-6
Let d(r) = -6*r**2 + 4*r - 6. Calculate d(0).
-6
Let a(n) = n**2 - 14. What is a(0)?
-14
Let v(y) = -2*y**2 - 20*y - 56. Give v(-3).
-14
Let a(m) = m**3 + 9*m**2 + 8*m - 5. What is a(-7)?
37
Let z(u) = -u**3 + 7*u**2 - 5*u + 25. Calculate z(7).
-10
Let o(x) = -x**3 + 5*x**2 - 2. Determine o(6).
-38
Let q(m) = 2*m**3 + 2*m**2 - m - 5. Calculate q(0).
-5
Let i(d) = -13*d + 7. Calculate i(-3).
46
Let x(m) = -2*m**2 + 13*m - 19. Give x(8).
-43
Let d(b) = -b**2 + 57*b - 456. Determine d(47).
14
Let i(h) = h - 7. Determine i(5).
-2
Let a(u) = -u - 9. Give a(-12).
3
Let r(v) = v**2 - 9. Determine r(6).
27
Let k(p) = -p - 25. Calculate k(-21).
-4
Let p(z) = z**2 - 17*z + 82. Determine p(11).
16
Let q(p) = p**3 + 5*p**2 - 9*p - 6. Give q(-8).
-126
Let j(i) = -i**2 + 17*i - 9. What is j(17)?
-9
Let t(f) = f**2 - 19*f + 31. Calculate t(15).
-29
Let i(k) = 3*k**2 - k - 1. Give i(0).
-1
Let l(x) = x**2 - 4*x - 7. Calculate l(6).
5
Let w(j) = 2*j**2 - 17*j - 18. What is w(10)?
12
Let u(m) = -2*m**2 + 22*m + 2. Calculate u(11).
2
Let j(n) = n**2 + 17*n + 46. Give j(-13).
-6
Let i(x) = 20*x**2 + 1. Calculate i(1).
21
Let m(x) = -11*x + 78. Determine m(7).
1
Let z(n) = n**3 - 9*n**2 + 6*n + 14. Calculate z(8).
-2
Let q(p) = p**2 + 15*p - 2. What is q(-16)?
14
Let w(h) = 5*h**2 - 3*h + 3. Give w(2).
17
Let p(a) = a**2 - 10*a - 10. What is p(11)?
1
Let o(u) = 73*u - 131. What is o(2)?
15
Let g(h) = h**3 + h**2 - 5*h - 4. Determine g(-3).
-7
Let t(p) = p**2 - 3*p - 5. Calculate t(7).
23
Let n(l) = -7*l - 27. Determine n(-5).
8
Let d(c) = -c**3 + 10*c**2 + 14*c + 17. Determine d(11).
50
Let j(z) = z**2 - 8*z + 1. Determine j(-6).
85
Let p(t) = t**3 - t**2 + t - 2. Determine p(0).
-2
Let i(t) = t + 4. Determine i(-6).
-2
Let x(s) = -s**3 + 5*s + 1. Calculate x(5).
-99
Let s(t) = -13*t - 50. Determine s(-8).
54
Let j(w) = -w**2 - 8*w - 2. Give j(-4).
14
Let y(b) = b**3 + 3*b**2 - 8*b - 6. Give y(-5).
-16
Let c(w) = w**2 + 1. Determine c(3).
10
Let v(c) = c**2 + 3*c - 8. Calculate v(-7).
20
Let a(s) = 2*s - 30. Determine a(21).
12
Let p(b) = b**3 + 4*b**2 - 18*b + 31. Determine p(-7).
10
Let n(y) = 19*y**2 - 4. Give n(2).
72
Let n(d) = -d**3 + 13*d**2 - 13*d + 11. Calculate n(12).
-1
Let r(o) = -5*o + 123. Give r(21).
18
Let h(f) = f**2 + 4*f + 8. Calculate h(0).
8
Let q(a) = -2*a**2 + 3*a - 1. What is q(2)?
-3
Let s(j) = -j**3 - 3*j**2 + 1. Determine s(-1).
-1
Let c(u) = u**2 + 18*u + 22. What is c(-19)?
41
Let o(c) = 2*c + 8. Give o(-9).
-10
Let l(k) = 4*k - 10. What is l(4)?
6
Let m(d) = -d**2 - 31*d + 66. Give m(-27).
174
Let k(d) = -19*d - 58. What is k(-4)?
18
Let p(o) = o**3 - 7*o**2 - 19*o - 4. Determine p(9).
-13
Let d(n) = n**2 - 2*n - 20. Determine d(5).
-5
Let i(t) = t**3 + 11*t**2 + 2*t + 27. Give i(-11).
5
Let f(v) = -v - 10. Give f(-26).
16
Let i(t) = t**3 + 6*t**2 - t. Calculate i(-6).
6
Let o(h) = -h**2 - 11*h - 9. Determine o(-7).
19
Let d(g) = -g**2 - g + 1. Calculate d(-4).
-11
Let x(g) = -g**2 - 15*g - 17. What is x(-13)?
9
Let o(f) = -159*f - 459. Determine o(-3).
18
Let k(p) = -7*p**3 + 2*p**2 + 3*p + 3. Calculate k(-1).
9
Let m(u) = -21*u - 1. Give m(3).
-64
Let j(y) = 3*y - 1. Give j(-3).
-10
Let s(z) = -z - 29. Give s(9).
-38
Let a(u) = -16*u + 81. Calculate a(5).
1
Let g(i) = -i**3 + 14*i**2 + 35*i + 30. Give g(16).
78
Let o(t) = 4*t + 30. Determine o(-9).
-6
Let p(v) = v + 4. Calculate p(-15).
-11
Let k(q) = q**2 - q. Give k(-2).
6
Let y(f) = -f**3 + 2*f**2 - f + 9. Give y(3).
-3
Let d(u) = -39*u + 628. Give d(16).
4
Let q(r) = 10*r + 6. Give q(-9).
-84
Let n(a) = -a**3 + 8*a**2 + 10*a - 8. Give n(9).
1
Let z(c) = c**2 + 16*c + 46. Calculate z(-16).
46
Let j(h) = -h**2 + 39*h - 129. Calculate j(35).
11
Let c(z) = z**3 - 5*z**2 + 3*z - 2. Determine c(3).
-11
Let y(f) = 8*f**3 + f**2 - 4*f - 6. Determine y(-1).
-9
Let g(f) = -f - 12. Give g(-9).
-3
Let y(b) = b**3 + 6*b**2 - 2*b - 1. Calculate y(-6).
11
Let f(i) = -5*i - 10. Determine f(3).
-25
Let j(g) = -g**3 + 19*g**2 - 36*g + 56. What is j(17)?
22
Let i(d) = -d**2 + 11*d + 16. What is i(12)?
4
Let x(l) = l + 7. Calculate x(5).
12
Let p(k) = k**3 - 7*k**2 + 5*k - 2. Give p(6).
-8
Let z(q) = q**2 - 16*q - 4. Determine z(16).
-4
Let m(q) = 6*q - 362. Give m(60).
-2
Let v(p) = 8*p - 71. Determine v(6).
-23
Let s(d) = 24*d - 34. What is s(4)?
62
Let d(i) = -i**3 - 28*i**2 - 32*i - 132. What is d(-27)?
3
Let q(m) = 2*m - 28. Determine q(-20).
-68
Let r(k) = 32*k - 605. What is r(19)?
3
Let x(z) = -z**2 + 10*z - 3. Determine x(4).
21
Let h(s) = -s**2 + 16*s + 28. Calculate h(17).
11
Let y(z) = -z**3 + 2*z**2 + 2. Calculate y(0).
2
Let a(v) = -v - 1. What is a(-14)?
13
Let b(y) = 3*y**2 + 41*y - 1. Determine b(-14).
13
Let j(n) = 207*n + 213. Calculate j(-1).
6
Let h(d) = 2*d**2 + 3*d - 2. Determine h(1).
3
Let j(b) = -3*b - 6. Calculate j(-3).
3
Let q(m) = -14*m**3 - m**2 + 4*m - 3. Give q(1).
-14
Let l(i) = 3*i**3 + 2*i**2 - 2*i - 3. Give l(-3).
-60
Let q(x) = -x**2 - 26*x + 33. What is q(-27)?
6
Let i(t) = t**3 + 6*t**2 - 6*t + 2. Determine i(-7).
-5
Let g(b) = -b**3 + b**2 - 4*b + 8. Calculate g(0).
8
Let n(s) = 8*s + 131. What is n(-18)?
-13
Let t(j) = j**2 - 13*j + 16. Calculate t(19).
130
Let q(y) = y**2 - 44*y + 48. Determine q(43).
5
Let r(g) = -3*g - 5. Give r(-10).
25
Let l(r) = -r**3 + 10*r**2 - 4*r - 44. Determine l(9).
1
Let q(w) = w**3 - 16*w**2 + 58*w - 14. Calculate q(5).
1
Let o(s) = 3*s**2 - 6*s + 9. Determine o(2).
9
Let p(x) = x**3 - 63*x**2 - 197*x - 70. Give p(66).
-4
Let v(s) = -s**3 - 4*s**2 - 6*s + 1. Calculate v(-5).
56
Let n(w) = w**2 - 5*w - 5. What is n(3)?
-11
Let k(a) = -a**3 + 26*a**2 - 28*a - 4. Calculate k(25).
-79
Let p(u) = u**2 + 16*u - 258. Give p(-26).
2
Let a(c) = -2*c**2 + 7*c - 1. Give a(5).
-16
Let s(h) = -h**3 + 10*h**2 + h - 13. Calculate s(10).
-3
Let v(y) = 3*y**2 - 3*y - 4. Give v(2).
2
Let n(j) = -2*j - 51. What is n(16)?
-83
Let d(t) = t**2 + 20*t + 13. What is d(-14)?
-71
Let r(h) = h**2 + 11*h + 1. Give r(-8).
-23
Let p(y) = -3*y + 135. Calculate p(46).
-3
Let j(n) = -3*n - 64. Give j(-21).
-1
Let n(b) = -b**3 + 10*b**2 + 9*b + 15. What is n(11)?
-7
Let u(x) = -10*x**2 + x + 1. Give u(-1).
-10
Let k(p) = -2*p**3 + p**2 + 2*p - 33. What is k(0)?
-33
Let h(f) = 9*f - 1. Give h(-2).
-19
Let q(j) = -j**3 + 4*j**2 + 6*j - 7. Determine q(4).
17
Let i(p) = 2*p**3 - 29*p**2 - 49*p + 22. Determine i(16).
6
Let c(p) = -p + 14. Calculate c(9).
5
Let p(x) = x**3 + 12*x**2 + x - 5. What is p(-12)?
-17
Let x(v) = 8*v + 6. Determine x(3).
30
Let w(u) = 14*u - 4. Calculate w(2).
24
Let m(x) = -x**2 + 8*x - 11. Calculate m(5).
4
Let v(d) = 19*d - 15. What is v(3)?
42
Let p(m) = -23*m + 3. Determine p(1).
-20
Let z(a) = a**2 + 15*a - 6. What is z(-15)?
-6
Let h(r) = -r**3 + 7*r**2 - 5*r + 41. Determine h(7).
6
Let y(z) = -2*z**2 - z - 1. Calculate y(2).
-11
Let u(m) = -m**3 - 24*m**2 + 21*m - 103. What is u(-25)?
-3
Let v(m) = -4*m - 27. Give v(-8).
5
Let s(b) = -7*b - 28. Give s(-9).
35
Let j(b) = b**2 - b - 66. Calculate j(0).
-66
Let l(b) = b**2 + 8*b. What is l(-7)?
-7
Let 